{"id":3027,"date":"2015-06-08T18:36:27","date_gmt":"2015-06-08T16:36:27","guid":{"rendered":"https:\/\/www.avides.com\/wp-content\/uploads\/2015\/02\/avides-mitarbeiter-mit-familie.jpg"},"modified":"2015-06-08T18:36:27","modified_gmt":"2015-06-08T16:36:27","slug":"avides-mitarbeiter-mit-familie","status":"inherit","type":"attachment","link":"https:\/\/www.avides.com\/pl\/odpowiedzialnosc\/odpowiedzialnosc-spoleczna\/attachment\/avides-mitarbeiter-mit-familie\/","title":{"rendered":"avides-mitarbeiter-mit-familie"},"author":1,"featured_media":0,"comment_status":"open","ping_status":"open","template":"","meta":{"_acf_changed":false},"class_list":["post-3027","attachment","type-attachment","status-inherit","hentry"],"acf":[],"yoast_head":"<!-- This site is optimized with the Yoast SEO plugin v27.5 - https:\/\/yoast.com\/product\/yoast-seo-wordpress\/ -->\n<title>avides-mitarbeiter-mit-familie<\/title>\n<meta name=\"robots\" content=\"index, follow, max-snippet:-1, max-image-preview:large, max-video-preview:-1\" \/>\n<link rel=\"canonical\" href=\"https:\/\/www.avides.com\/pl\/odpowiedzialnosc\/odpowiedzialnosc-spoleczna\/attachment\/avides-mitarbeiter-mit-familie\/\" \/>\n<meta property=\"og:locale\" content=\"pl_PL\" \/>\n<meta property=\"og:type\" content=\"article\" \/>\n<meta property=\"og:title\" content=\"avides-mitarbeiter-mit-familie\" \/>\n<meta property=\"og:url\" content=\"https:\/\/www.avides.com\/pl\/odpowiedzialnosc\/odpowiedzialnosc-spoleczna\/attachment\/avides-mitarbeiter-mit-familie\/\" \/>\n<meta property=\"og:site_name\" content=\"AVIDES\" \/>\n<meta property=\"og:image\" content=\"https:\/\/www.avides.com\/wp-content\/uploads\/2015\/02\/avides-mitarbeiter-mit-familie.jpg\" \/>\n\t<meta property=\"og:image:width\" content=\"1200\" \/>\n\t<meta property=\"og:image:height\" content=\"750\" \/>\n\t<meta property=\"og:image:type\" content=\"image\/jpeg\" \/>\n<script type=\"application\/ld+json\" class=\"yoast-schema-graph\">{\"@context\":\"https:\\\/\\\/schema.org\",\"@graph\":[{\"@type\":\"WebPage\",\"@id\":\"https:\\\/\\\/www.avides.com\\\/pl\\\/odpowiedzialnosc\\\/odpowiedzialnosc-spoleczna\\\/attachment\\\/avides-mitarbeiter-mit-familie\\\/\",\"url\":\"https:\\\/\\\/www.avides.com\\\/pl\\\/odpowiedzialnosc\\\/odpowiedzialnosc-spoleczna\\\/attachment\\\/avides-mitarbeiter-mit-familie\\\/\",\"name\":\"avides-mitarbeiter-mit-familie\",\"isPartOf\":{\"@id\":\"https:\\\/\\\/www.avides.com\\\/pl\\\/#website\"},\"datePublished\":\"2015-06-08T16:36:27+00:00\",\"breadcrumb\":{\"@id\":\"https:\\\/\\\/www.avides.com\\\/pl\\\/odpowiedzialnosc\\\/odpowiedzialnosc-spoleczna\\\/attachment\\\/avides-mitarbeiter-mit-familie\\\/#breadcrumb\"},\"inLanguage\":\"pl-PL\",\"potentialAction\":[{\"@type\":\"ReadAction\",\"target\":[\"https:\\\/\\\/www.avides.com\\\/pl\\\/odpowiedzialnosc\\\/odpowiedzialnosc-spoleczna\\\/attachment\\\/avides-mitarbeiter-mit-familie\\\/\"]}]},{\"@type\":\"BreadcrumbList\",\"@id\":\"https:\\\/\\\/www.avides.com\\\/pl\\\/odpowiedzialnosc\\\/odpowiedzialnosc-spoleczna\\\/attachment\\\/avides-mitarbeiter-mit-familie\\\/#breadcrumb\",\"itemListElement\":[{\"@type\":\"ListItem\",\"position\":1,\"name\":\"Home\",\"item\":\"https:\\\/\\\/www.avides.com\\\/pl\\\/\"},{\"@type\":\"ListItem\",\"position\":2,\"name\":\"Odpowiedzialno\u015b\u0107\",\"item\":\"https:\\\/\\\/www.avides.com\\\/pl\\\/odpowiedzialnosc\\\/\"},{\"@type\":\"ListItem\",\"position\":3,\"name\":\"Odpowiedzialno\u015b\u0107 spo\u0142eczna\",\"item\":\"https:\\\/\\\/www.avides.com\\\/pl\\\/odpowiedzialnosc\\\/odpowiedzialnosc-spoleczna\\\/\"},{\"@type\":\"ListItem\",\"position\":4,\"name\":\"avides-mitarbeiter-mit-familie\"}]},{\"@type\":\"WebSite\",\"@id\":\"https:\\\/\\\/www.avides.com\\\/pl\\\/#website\",\"url\":\"https:\\\/\\\/www.avides.com\\\/pl\\\/\",\"name\":\"AVIDES\",\"description\":\"Your Trade Solution Partner\",\"potentialAction\":[{\"@type\":\"SearchAction\",\"target\":{\"@type\":\"EntryPoint\",\"urlTemplate\":\"https:\\\/\\\/www.avides.com\\\/pl\\\/?s={search_term_string}\"},\"query-input\":{\"@type\":\"PropertyValueSpecification\",\"valueRequired\":true,\"valueName\":\"search_term_string\"}}],\"inLanguage\":\"pl-PL\"}]}<\/script>\n<!-- \/ Yoast SEO plugin. -->","yoast_head_json":{"title":"avides-mitarbeiter-mit-familie","robots":{"index":"index","follow":"follow","max-snippet":"max-snippet:-1","max-image-preview":"max-image-preview:large","max-video-preview":"max-video-preview:-1"},"canonical":"https:\/\/www.avides.com\/pl\/odpowiedzialnosc\/odpowiedzialnosc-spoleczna\/attachment\/avides-mitarbeiter-mit-familie\/","og_locale":"pl_PL","og_type":"article","og_title":"avides-mitarbeiter-mit-familie","og_url":"https:\/\/www.avides.com\/pl\/odpowiedzialnosc\/odpowiedzialnosc-spoleczna\/attachment\/avides-mitarbeiter-mit-familie\/","og_site_name":"AVIDES","og_image":[{"width":1200,"height":750,"url":"https:\/\/www.avides.com\/wp-content\/uploads\/2015\/02\/avides-mitarbeiter-mit-familie.jpg","type":"image\/jpeg"}],"schema":{"@context":"https:\/\/schema.org","@graph":[{"@type":"WebPage","@id":"https:\/\/www.avides.com\/pl\/odpowiedzialnosc\/odpowiedzialnosc-spoleczna\/attachment\/avides-mitarbeiter-mit-familie\/","url":"https:\/\/www.avides.com\/pl\/odpowiedzialnosc\/odpowiedzialnosc-spoleczna\/attachment\/avides-mitarbeiter-mit-familie\/","name":"avides-mitarbeiter-mit-familie","isPartOf":{"@id":"https:\/\/www.avides.com\/pl\/#website"},"datePublished":"2015-06-08T16:36:27+00:00","breadcrumb":{"@id":"https:\/\/www.avides.com\/pl\/odpowiedzialnosc\/odpowiedzialnosc-spoleczna\/attachment\/avides-mitarbeiter-mit-familie\/#breadcrumb"},"inLanguage":"pl-PL","potentialAction":[{"@type":"ReadAction","target":["https:\/\/www.avides.com\/pl\/odpowiedzialnosc\/odpowiedzialnosc-spoleczna\/attachment\/avides-mitarbeiter-mit-familie\/"]}]},{"@type":"BreadcrumbList","@id":"https:\/\/www.avides.com\/pl\/odpowiedzialnosc\/odpowiedzialnosc-spoleczna\/attachment\/avides-mitarbeiter-mit-familie\/#breadcrumb","itemListElement":[{"@type":"ListItem","position":1,"name":"Home","item":"https:\/\/www.avides.com\/pl\/"},{"@type":"ListItem","position":2,"name":"Odpowiedzialno\u015b\u0107","item":"https:\/\/www.avides.com\/pl\/odpowiedzialnosc\/"},{"@type":"ListItem","position":3,"name":"Odpowiedzialno\u015b\u0107 spo\u0142eczna","item":"https:\/\/www.avides.com\/pl\/odpowiedzialnosc\/odpowiedzialnosc-spoleczna\/"},{"@type":"ListItem","position":4,"name":"avides-mitarbeiter-mit-familie"}]},{"@type":"WebSite","@id":"https:\/\/www.avides.com\/pl\/#website","url":"https:\/\/www.avides.com\/pl\/","name":"AVIDES","description":"Your Trade Solution Partner","potentialAction":[{"@type":"SearchAction","target":{"@type":"EntryPoint","urlTemplate":"https:\/\/www.avides.com\/pl\/?s={search_term_string}"},"query-input":{"@type":"PropertyValueSpecification","valueRequired":true,"valueName":"search_term_string"}}],"inLanguage":"pl-PL"}]}},"description":{"rendered":"<p class=\"attachment\"><a href='https:\/\/www.avides.com\/wp-content\/uploads\/2015\/02\/avides-mitarbeiter-mit-familie.jpg'><img loading=\"lazy\" decoding=\"async\" width=\"250\" height=\"156\" src=\"https:\/\/www.avides.com\/wp-content\/themes\/avides\/assets\/img\/placeholder.gif\" data-original=\"https:\/\/www.avides.com\/wp-content\/uploads\/2015\/02\/avides-mitarbeiter-mit-familie-250x156.jpg\" class=\"attachment-medium size-medium lazy\" alt=\"\" srcset=\"https:\/\/www.avides.com\/wp-content\/uploads\/2015\/02\/avides-mitarbeiter-mit-familie-250x156.jpg 250w, https:\/\/www.avides.com\/wp-content\/uploads\/2015\/02\/avides-mitarbeiter-mit-familie-700x438.jpg 700w, https:\/\/www.avides.com\/wp-content\/uploads\/2015\/02\/avides-mitarbeiter-mit-familie-120x75.jpg 120w, https:\/\/www.avides.com\/wp-content\/uploads\/2015\/02\/avides-mitarbeiter-mit-familie-1000x625.jpg 1000w, https:\/\/www.avides.com\/wp-content\/uploads\/2015\/02\/avides-mitarbeiter-mit-familie.jpg 1200w\" sizes=\"auto, (max-width: 250px) 100vw, 250px\" \/><noscript><img loading=\"lazy\" decoding=\"async\" width=\"250\" height=\"156\" src=\"https:\/\/www.avides.com\/wp-content\/uploads\/2015\/02\/avides-mitarbeiter-mit-familie-250x156.jpg\" class=\"attachment-medium size-medium lazy\" alt=\"\" srcset=\"https:\/\/www.avides.com\/wp-content\/uploads\/2015\/02\/avides-mitarbeiter-mit-familie-250x156.jpg 250w, https:\/\/www.avides.com\/wp-content\/uploads\/2015\/02\/avides-mitarbeiter-mit-familie-700x438.jpg 700w, https:\/\/www.avides.com\/wp-content\/uploads\/2015\/02\/avides-mitarbeiter-mit-familie-120x75.jpg 120w, https:\/\/www.avides.com\/wp-content\/uploads\/2015\/02\/avides-mitarbeiter-mit-familie-1000x625.jpg 1000w, https:\/\/www.avides.com\/wp-content\/uploads\/2015\/02\/avides-mitarbeiter-mit-familie.jpg 1200w\" sizes=\"auto, (max-width: 250px) 100vw, 250px\" \/><\/noscript><\/a><\/p>\n"},"caption":{"rendered":""},"alt_text":"","media_type":"image","mime_type":"image\/jpeg","media_details":{"width":1200,"height":750,"file":"2015\/02\/avides-mitarbeiter-mit-familie.jpg","sizes":{"thumbnail":{"file":"avides-mitarbeiter-mit-familie-150x150.jpg","width":150,"height":150,"mime_type":"image\/jpeg","source_url":"https:\/\/www.avides.com\/wp-content\/uploads\/2015\/02\/avides-mitarbeiter-mit-familie-150x150.jpg"},"medium":{"file":"avides-mitarbeiter-mit-familie-250x156.jpg","width":250,"height":156,"mime_type":"image\/jpeg","source_url":"https:\/\/www.avides.com\/wp-content\/uploads\/2015\/02\/avides-mitarbeiter-mit-familie-250x156.jpg"},"large":{"file":"avides-mitarbeiter-mit-familie-700x438.jpg","width":700,"height":438,"mime_type":"image\/jpeg","source_url":"https:\/\/www.avides.com\/wp-content\/uploads\/2015\/02\/avides-mitarbeiter-mit-familie-700x438.jpg"},"small":{"file":"avides-mitarbeiter-mit-familie-120x75.jpg","width":120,"height":75,"mime_type":"image\/jpeg","source_url":"https:\/\/www.avides.com\/wp-content\/uploads\/2015\/02\/avides-mitarbeiter-mit-familie-120x75.jpg"},"custom-size":{"file":"avides-mitarbeiter-mit-familie-700x200.jpg","width":700,"height":200,"mime_type":"image\/jpeg","source_url":"https:\/\/www.avides.com\/wp-content\/uploads\/2015\/02\/avides-mitarbeiter-mit-familie-700x200.jpg"},"contentLeftRight":{"file":"avides-mitarbeiter-mit-familie-300x300.jpg","width":300,"height":300,"mime_type":"image\/jpeg","source_url":"https:\/\/www.avides.com\/wp-content\/uploads\/2015\/02\/avides-mitarbeiter-mit-familie-300x300.jpg"},"clientLogo":{"file":"avides-mitarbeiter-mit-familie-180x180.jpg","width":180,"height":180,"mime_type":"image\/jpeg","source_url":"https:\/\/www.avides.com\/wp-content\/uploads\/2015\/02\/avides-mitarbeiter-mit-familie-180x180.jpg"},"respIcon":{"file":"avides-mitarbeiter-mit-familie-450x450.jpg","width":450,"height":450,"mime_type":"image\/jpeg","source_url":"https:\/\/www.avides.com\/wp-content\/uploads\/2015\/02\/avides-mitarbeiter-mit-familie-450x450.jpg"},"blueBox":{"file":"avides-mitarbeiter-mit-familie-400x300.jpg","width":400,"height":300,"mime_type":"image\/jpeg","source_url":"https:\/\/www.avides.com\/wp-content\/uploads\/2015\/02\/avides-mitarbeiter-mit-familie-400x300.jpg"},"frontSlider":{"file":"avides-mitarbeiter-mit-familie-1000x750.jpg","width":1000,"height":750,"mime_type":"image\/jpeg","source_url":"https:\/\/www.avides.com\/wp-content\/uploads\/2015\/02\/avides-mitarbeiter-mit-familie-1000x750.jpg"},"fancybox":{"file":"avides-mitarbeiter-mit-familie-1000x625.jpg","width":1000,"height":625,"mime_type":"image\/jpeg","source_url":"https:\/\/www.avides.com\/wp-content\/uploads\/2015\/02\/avides-mitarbeiter-mit-familie-1000x625.jpg"},"full":{"file":"avides-mitarbeiter-mit-familie.jpg","width":1200,"height":750,"mime_type":"image\/jpeg","source_url":"https:\/\/www.avides.com\/wp-content\/uploads\/2015\/02\/avides-mitarbeiter-mit-familie.jpg"}},"image_meta":{"aperture":0,"credit":"","camera":"","caption":"","created_timestamp":0,"copyright":"","focal_length":0,"iso":0,"shutter_speed":0,"title":"","orientation":0}},"post":2629,"source_url":"https:\/\/www.avides.com\/wp-content\/uploads\/2015\/02\/avides-mitarbeiter-mit-familie.jpg","_links":{"self":[{"href":"https:\/\/www.avides.com\/pl\/wp-json\/wp\/v2\/media\/3027","targetHints":{"allow":["GET"]}}],"collection":[{"href":"https:\/\/www.avides.com\/pl\/wp-json\/wp\/v2\/media"}],"about":[{"href":"https:\/\/www.avides.com\/pl\/wp-json\/wp\/v2\/types\/attachment"}],"author":[{"embeddable":true,"href":"https:\/\/www.avides.com\/pl\/wp-json\/wp\/v2\/users\/1"}],"replies":[{"embeddable":true,"href":"https:\/\/www.avides.com\/pl\/wp-json\/wp\/v2\/comments?post=3027"}],"wp:attached-to":[{"embeddable":true,"post_type":"page","id":2629,"href":"https:\/\/www.avides.com\/pl\/wp-json\/wp\/v2\/pages\/2629"}],"curies":[{"name":"wp","href":"https:\/\/api.w.org\/{rel}","templated":true}]}}

<!-- This site is optimized with the Yoast SEO plugin v27.5 - https://yoast.com/product/yoast-seo-wordpress/ -->
<title>avides-mitarbeiter-mit-familie</title>
<meta name="robots" content="index, follow, max-snippet:-1, max-image-preview:large, max-video-preview:-1" />
<link rel="canonical" href="https://www.avides.com/pl/odpowiedzialnosc/odpowiedzialnosc-spoleczna/attachment/avides-mitarbeiter-mit-familie/" />
<meta property="og:locale" content="pl_PL" />
<meta property="og:type" content="article" />
<meta property="og:title" content="avides-mitarbeiter-mit-familie" />
<meta property="og:url" content="https://www.avides.com/pl/odpowiedzialnosc/odpowiedzialnosc-spoleczna/attachment/avides-mitarbeiter-mit-familie/" />
<meta property="og:site_name" content="AVIDES" />
<meta property="og:image" content="https://www.avides.com/wp-content/uploads/2015/02/avides-mitarbeiter-mit-familie.jpg" />
	<meta property="og:image:width" content="1200" />
	<meta property="og:image:height" content="750" />
	<meta property="og:image:type" content="image/jpeg" />
<script type="application/ld+json" class="yoast-schema-graph">{"@context":"https:\/\/schema.org","@graph":[{"@type":"WebPage","@id":"https:\/\/www.avides.com\/pl\/odpowiedzialnosc\/odpowiedzialnosc-spoleczna\/attachment\/avides-mitarbeiter-mit-familie\/","url":"https:\/\/www.avides.com\/pl\/odpowiedzialnosc\/odpowiedzialnosc-spoleczna\/attachment\/avides-mitarbeiter-mit-familie\/","name":"avides-mitarbeiter-mit-familie","isPartOf":{"@id":"https:\/\/www.avides.com\/pl\/#website"},"datePublished":"2015-06-08T16:36:27+00:00","breadcrumb":{"@id":"https:\/\/www.avides.com\/pl\/odpowiedzialnosc\/odpowiedzialnosc-spoleczna\/attachment\/avides-mitarbeiter-mit-familie\/#breadcrumb"},"inLanguage":"pl-PL","potentialAction":[{"@type":"ReadAction","target":["https:\/\/www.avides.com\/pl\/odpowiedzialnosc\/odpowiedzialnosc-spoleczna\/attachment\/avides-mitarbeiter-mit-familie\/"]}]},{"@type":"BreadcrumbList","@id":"https:\/\/www.avides.com\/pl\/odpowiedzialnosc\/odpowiedzialnosc-spoleczna\/attachment\/avides-mitarbeiter-mit-familie\/#breadcrumb","itemListElement":[{"@type":"ListItem","position":1,"name":"Home","item":"https:\/\/www.avides.com\/pl\/"},{"@type":"ListItem","position":2,"name":"Odpowiedzialność","item":"https:\/\/www.avides.com\/pl\/odpowiedzialnosc\/"},{"@type":"ListItem","position":3,"name":"Odpowiedzialność społeczna","item":"https:\/\/www.avides.com\/pl\/odpowiedzialnosc\/odpowiedzialnosc-spoleczna\/"},{"@type":"ListItem","position":4,"name":"avides-mitarbeiter-mit-familie"}]},{"@type":"WebSite","@id":"https:\/\/www.avides.com\/pl\/#website","url":"https:\/\/www.avides.com\/pl\/","name":"AVIDES","description":"Your Trade Solution Partner","potentialAction":[{"@type":"SearchAction","target":{"@type":"EntryPoint","urlTemplate":"https:\/\/www.avides.com\/pl\/?s={search_term_string}"},"query-input":{"@type":"PropertyValueSpecification","valueRequired":true,"valueName":"search_term_string"}}],"inLanguage":"pl-PL"}]}</script>
<!-- / Yoast SEO plugin. -->

Odpowiedzialność

Odpowiedzialność społeczna
